{"id":538,"date":"2020-10-09T05:54:00","date_gmt":"2020-10-09T05:54:00","guid":{"rendered":"http:\/\/panziocentrum.hu\/?page_id=538"},"modified":"2022-11-15T12:25:04","modified_gmt":"2022-11-15T11:25:04","slug":"palyazatunk","status":"publish","type":"page","link":"https:\/\/panziocentrum.hu\/?page_id=538","title":{"rendered":"P\u00e1ly\u00e1zatunk"},"content":{"rendered":"\t\t<div data-elementor-type=\"wp-page\" data-elementor-id=\"538\" class=\"elementor elementor-538\">\n\t\t\t\t\t\t<section class=\"elementor-section elementor-top-section elementor-element elementor-element-c0b5666 elementor-section-boxed elementor-section-height-default elementor-section-height-default\" data-id=\"c0b5666\" data-element_type=\"section\">\n\t\t\t\t\t\t<div class=\"elementor-container elementor-column-gap-default\">\n\t\t\t\t\t<div class=\"elementor-column elementor-col-100 elementor-top-column elementor-element elementor-element-821d259\" data-id=\"821d259\" data-element_type=\"column\">\n\t\t\t<div class=\"elementor-widget-wrap elementor-element-populated\">\n\t\t\t\t\t\t<div class=\"elementor-element elementor-element-31d830e elementor-widget elementor-widget-text-editor\" data-id=\"31d830e\" data-element_type=\"widget\" data-widget_type=\"text-editor.default\">\n\t\t\t\t<div class=\"elementor-widget-container\">\n\t\t\t\t\t\t\t\t\t<h3 class=\"wb-stl-heading1\">Centrum Panzi\u00f3 komfortos\u00edt\u00e1sa, gyerek-\u00e9s csal\u00e1dbar\u00e1t szolg\u00e1ltat\u00e1ssal t\u00f6rt\u00e9n\u0151 fejleszt\u00e9se, tov\u00e1bbi szolg\u00e1ltat\u00e1sb\u0151v\u00edt\u00e9sek \u00e9s energiaracion\u00e1l\u00e1s\u00a0<\/h3><h3 class=\"wb-stl-heading1\">TFC-1-1-1-2017-2017-00165<\/h3>\t\t\t\t\t\t\t\t<\/div>\n\t\t\t\t<\/div>\n\t\t\t\t\t<\/div>\n\t\t<\/div>\n\t\t\t\t\t<\/div>\n\t\t<\/section>\n\t\t\t\t<section class=\"elementor-section elementor-top-section elementor-element elementor-element-3137d1f elementor-section-boxed elementor-section-height-default elementor-section-height-default\" data-id=\"3137d1f\" data-element_type=\"section\">\n\t\t\t\t\t\t<div class=\"elementor-container elementor-column-gap-default\">\n\t\t\t\t\t<div class=\"elementor-column elementor-col-100 elementor-top-column elementor-element elementor-element-fbf62e6\" data-id=\"fbf62e6\" data-element_type=\"column\">\n\t\t\t<div class=\"elementor-widget-wrap elementor-element-populated\">\n\t\t\t\t\t\t<div class=\"elementor-element elementor-element-64aeb35 elementor-widget elementor-widget-text-editor\" data-id=\"64aeb35\" data-element_type=\"widget\" data-widget_type=\"text-editor.default\">\n\t\t\t\t<div class=\"elementor-widget-container\">\n\t\t\t\t\t\t\t\t\t<p>a Kedvezm\u00e9nyezett neve<\/p><p>PAPP-KER-TERV-SZOLG Kft. \u00a0\u00a0\u00a0<br \/>\u2022 a szerz\u0151d\u00f6tt t\u00e1mogat\u00e1s \u00f6sszege,<\/p><p>59 035 288 Ft<\/p><p>\u2022 a t\u00e1mogat\u00e1s m\u00e9rt\u00e9ke (%-ban),<\/p><p>70%<\/p><p><br \/>\u2022 a t\u00e1mogatott projekt tartalm\u00e1nak r\u00f6vid bemutat\u00e1sa,<\/p><p>A Centrum Panzi\u00f3 k\u00f6zel 20 \u00e9ve m\u0171k\u00f6dik. Az els\u0151 kivitelez\u00e9skor az utcafronti f\u0151\u00e9p\u00fclet, majd szakaszosan t\u00f6bb \u00fctemben az udvari \u00e9p\u00fcletek \u00e9p\u00fcltek meg. A kivitelez\u00e9s sor\u00e1n az akkori el\u0151\u00edr\u00e1sok \u00e9s technika szerint \u00e9p\u00fcltek az egys\u00e9gek. Az az\u00f3ta eltelt id\u0151szak, emelked\u0151 energia\u00e1rak \u00e9s \u00fczemeltet\u00e9si k\u00f6lts\u00e9gek, valamint az avults\u00e1g figyelembev\u00e9tel\u00e9vel indokolt \u00e9s sz\u00fcks\u00e9ges a megl\u00e9v\u0151 fel\u00e9p\u00edtm\u00e9nyek \u00e9s infrastrukt\u00fara korszer\u0171s\u00edt\u00e9se, fel\u00faj\u00edt\u00e1sa, az \u00fajabb szolg\u00e1ltat\u00e1sokhoz kapcsol\u00f3d\u00f3 fejleszt\u00e9sek kialak\u00edt\u00e1sa. Ezen fejleszt\u00e9sek els\u0151sorban a vend\u00e9gek komfort\u00e9rzet\u00e9nek jav\u00edt\u00e1sa, a panzi\u00f3ban l\u00e9v\u0151 gyerekes csal\u00e1dok szabadt\u00e9ri \u00e9s szobai \u00e9letter\u00e9nek, j\u00e1tsz\u00f3ter\u00e9nek b\u0151v\u00edt\u00e9se, az \u00e9p\u00fcletek k\u00fcls\u0151 h\u0151szigetel\u00e9se, a kaz\u00e1nok, melegv\u00edzell\u00e1t\u00f3-berendez\u00e9sek teljes cser\u00e9je, napelemek elhelyez\u00e9se, konyhatechnol\u00f3gi\u00e1k korszer\u0171s\u00edt\u00e9se, k\u00fcls\u0151-bels\u0151 eszt\u00e9tikai \u00e9s lakberendez\u00e9si, komfort\u00e9rzeti fejleszt\u00e9sek. A projekt megval\u00f3s\u00edt\u00e1s\u00e1val kedvez\u0151bb m\u0171k\u00f6d\u00e9si\/ k\u00f6lts\u00e9gkond\u00edci\u00f3k j\u00f6nnek l\u00e9tre. Az \u00fczemeltet\u00e9si hat\u00e9konys\u00e1g \u00e9s korszer\u0171s\u00edt\u00e9sek jobb kapacit\u00e1s-kihaszn\u00e1lts\u00e1got, vend\u00e9g\u00e9jszak\u00e1k sz\u00e1m\u00e1nak n\u00f6vel\u00e9s\u00e9t eredm\u00e9nyezik.\u00a0 \u00a0<\/p><p>\u2022 a t\u00e1mogatott projekt befejez\u00e9si d\u00e1tuma:<\/p><p>2020.04.30<\/p><p>\u201eA t\u00e1mogatott projekt a Kisfaludy Turisztikai Fejleszt\u00e9si Program keret\u00e9ben val\u00f3sul meg&#8221;<\/p>\t\t\t\t\t\t\t\t<\/div>\n\t\t\t\t<\/div>\n\t\t\t\t\t<\/div>\n\t\t<\/div>\n\t\t\t\t\t<\/div>\n\t\t<\/section>\n\t\t\t\t<section class=\"elementor-section elementor-top-section elementor-element elementor-element-f640e70 elementor-section-boxed elementor-section-height-default elementor-section-height-default\" data-id=\"f640e70\" data-element_type=\"section\">\n\t\t\t\t\t\t<div class=\"elementor-container elementor-column-gap-default\">\n\t\t\t\t\t<div class=\"elementor-column elementor-col-100 elementor-top-column elementor-element elementor-element-21f686a\" data-id=\"21f686a\" data-element_type=\"column\">\n\t\t\t<div class=\"elementor-widget-wrap elementor-element-populated\">\n\t\t\t\t\t\t<div class=\"elementor-element elementor-element-a3ba56e elementor-widget elementor-widget-heading\" data-id=\"a3ba56e\" data-element_type=\"widget\" data-widget_type=\"heading.default\">\n\t\t\t\t<div class=\"elementor-widget-container\">\n\t\t\t\t\t<h2 class=\"elementor-heading-title elementor-size-default\">A projekt azonos\u00edt\u00f3 sz\u00e1ma: GINOP-5.2.4-16-2019-04397\nProjekt c\u00edme: Gyakornoki program a PAPP-KER-TERV-SZOLG Kft-n\u00e9l\n<\/h2>\t\t\t\t<\/div>\n\t\t\t\t<\/div>\n\t\t\t\t\t<\/div>\n\t\t<\/div>\n\t\t\t\t\t<\/div>\n\t\t<\/section>\n\t\t\t\t<section class=\"elementor-section elementor-top-section elementor-element elementor-element-d3261b7 elementor-section-boxed elementor-section-height-default elementor-section-height-default\" data-id=\"d3261b7\" data-element_type=\"section\">\n\t\t\t\t\t\t<div class=\"elementor-container elementor-column-gap-default\">\n\t\t\t\t\t<div class=\"elementor-column elementor-col-100 elementor-top-column elementor-element elementor-element-5986364\" data-id=\"5986364\" data-element_type=\"column\">\n\t\t\t<div class=\"elementor-widget-wrap elementor-element-populated\">\n\t\t\t\t\t\t<div class=\"elementor-element elementor-element-58bceda elementor-widget elementor-widget-text-editor\" data-id=\"58bceda\" data-element_type=\"widget\" data-widget_type=\"text-editor.default\">\n\t\t\t\t<div class=\"elementor-widget-container\">\n\t\t\t\t\t\t\t\t\t<p>A szerz\u0151d\u00f6tt t\u00e1mogat\u00e1s \u00f6sszege:\u00a06 598\u00a0950 Ft<\/p><p>A t\u00e1mogat\u00e1s m\u00e9rt\u00e9ke:\u00a0100%<\/p><p>A projekt kezdete:\u00a02020.02.04.<\/p><p>A projekt fizikai befejez\u00e9se: 2022.04.27.<\/p><p>A projekt c\u00e9lja:<\/p><p>A 6 598\u00a0950 Ft Eur\u00f3pai Uni\u00f3s t\u00e1mogat\u00e1s seg\u00edts\u00e9g\u00e9vel a PAPP-KER-TERV-SZOLG Kft. lehet\u0151s\u00e9get biztos\u00edtott 2 f\u0151 p\u00e1lyakezd\u0151 gyakornok r\u00e9sz\u00e9re, amellyel a v\u00e1llalkoz\u00e1s el\u0151seg\u00edtette a munkahelyteremt\u00e9st, valamint a gyakornokok \u00e1ltal megszerzett szakk\u00e9pes\u00edt\u00e9s hasznosul\u00e1s\u00e1t. A gyakornokok foglalkoztat\u00e1si ideje 13,5 h\u00f3nap volt.<\/p><p>A projekt sor\u00e1n lehet\u0151s\u00e9get biztos\u00edtottunk a gyakornokok sz\u00e1m\u00e1ra, hogy a megszerzett tud\u00e1sukat kamatoztatni tudj\u00e1k, valamint ezzel hozz\u00e1j\u00e1ruljanak a v\u00e1llalkoz\u00e1s \u00e1ltal v\u00e9gzett tev\u00e9kenys\u00e9g ell\u00e1t\u00e1s\u00e1hoz, m\u0171k\u00f6d\u00e9s\u00e9hez.<\/p><p>A projekt keret\u00e9ben emellett a foglalkoztat\u00e1ssal \u00f6sszef\u00fcgg\u0151 (t\u00e1rgyi) eszk\u00f6z\u00f6k is beszerz\u00e9sre ker\u00fcltek (pl. sz\u00e1m\u00edt\u00f3g\u00e9pek, f\u00e9nym\u00e1sol\u00f3), valamint a gyakornokok beilleszked\u00e9s\u00e9t \u2013 a szint\u00e9n ezen projekt keretein bel\u00fcl foglalkoztatott \u2013 1 f\u0151 v\u00e1llalati gyakornoki kapcsolattart\u00f3 seg\u00edtette. A gyakornoki kapcsolattart\u00f3 seg\u00edtette a gyakornokok mindennapi munk\u00e1j\u00e1t, mellyel hozz\u00e1j\u00e1rult a gyakornokok szakmai fejl\u0151d\u00e9s\u00e9hez.<\/p><p>A gyakornokok a projekt v\u00e9g\u00e9re relev\u00e1ns szakmai tapasztalatokkal gazdagodtak, illetve referenci\u00e1k szerezhettek.<\/p><p>A projekt a Sz\u00e9chenyi 2020 Program keret\u00e9ben val\u00f3sul meg.<\/p>\t\t\t\t\t\t\t\t<\/div>\n\t\t\t\t<\/div>\n\t\t\t\t\t<\/div>\n\t\t<\/div>\n\t\t\t\t\t<\/div>\n\t\t<\/section>\n\t\t\t\t<section class=\"elementor-section elementor-top-section elementor-element elementor-element-f3c353e elementor-section-boxed elementor-section-height-default elementor-section-height-default\" data-id=\"f3c353e\" data-element_type=\"section\">\n\t\t\t\t\t\t<div class=\"elementor-container elementor-column-gap-default\">\n\t\t\t\t\t<div class=\"elementor-column elementor-col-100 elementor-top-column elementor-element elementor-element-0060b02\" data-id=\"0060b02\" data-element_type=\"column\">\n\t\t\t<div class=\"elementor-widget-wrap elementor-element-populated\">\n\t\t\t\t\t\t<div class=\"elementor-element elementor-element-99d8b2d elementor-widget elementor-widget-image\" data-id=\"99d8b2d\" data-element_type=\"widget\" data-widget_type=\"image.default\">\n\t\t\t\t<div class=\"elementor-widget-container\">\n\t\t\t\t\t\t\t\t\t\t\t\t\t\t\t<img fetchpriority=\"high\" decoding=\"async\" width=\"1024\" height=\"723\" src=\"https:\/\/panziocentrum.hu\/wp-content\/uploads\/2022\/08\/Kepernyokep-2022-08-30-102627-1024x723.png\" class=\"attachment-large size-large wp-image-1377\" alt=\"\" srcset=\"https:\/\/panziocentrum.hu\/wp-content\/uploads\/2022\/08\/Kepernyokep-2022-08-30-102627-1024x723.png 1024w, https:\/\/panziocentrum.hu\/wp-content\/uploads\/2022\/08\/Kepernyokep-2022-08-30-102627-300x212.png 300w, https:\/\/panziocentrum.hu\/wp-content\/uploads\/2022\/08\/Kepernyokep-2022-08-30-102627-768x542.png 768w, https:\/\/panziocentrum.hu\/wp-content\/uploads\/2022\/08\/Kepernyokep-2022-08-30-102627.png 1222w\" sizes=\"(max-width: 1024px) 100vw, 1024px\" \/>\t\t\t\t\t\t\t\t\t\t\t\t\t\t\t<\/div>\n\t\t\t\t<\/div>\n\t\t\t\t\t<\/div>\n\t\t<\/div>\n\t\t\t\t\t<\/div>\n\t\t<\/section>\n\t\t\t\t<section class=\"elementor-section elementor-top-section elementor-element elementor-element-d39ae2c elementor-section-boxed elementor-section-height-default elementor-section-height-default\" data-id=\"d39ae2c\" data-element_type=\"section\">\n\t\t\t\t\t\t<div class=\"elementor-container elementor-column-gap-default\">\n\t\t\t\t\t<div class=\"elementor-column elementor-col-100 elementor-top-column elementor-element elementor-element-13f1c8f\" data-id=\"13f1c8f\" data-element_type=\"column\">\n\t\t\t<div class=\"elementor-widget-wrap elementor-element-populated\">\n\t\t\t\t\t\t<div class=\"elementor-element elementor-element-286313d elementor-widget elementor-widget-heading\" data-id=\"286313d\" data-element_type=\"widget\" data-widget_type=\"heading.default\">\n\t\t\t\t<div class=\"elementor-widget-container\">\n\t\t\t\t\t<h2 class=\"elementor-heading-title elementor-size-default\">Projekt k\u00f3d: GINOP-9.1.1-21 - Kamatmentes \u00dajraind\u00edt\u00e1si Gyorsk\u00f6lcs\u00f6n Hitelprogram\nProjekt c\u00edm: K\u00e9szletbeszerz\u00e9s, b\u00e9r \u00e9s b\u00e9ren k\u00edv\u00fcli m\u0171k\u00f6d\u00e9si k\u00f6lts\u00e9g\n<\/h2>\t\t\t\t<\/div>\n\t\t\t\t<\/div>\n\t\t\t\t\t<\/div>\n\t\t<\/div>\n\t\t\t\t\t<\/div>\n\t\t<\/section>\n\t\t\t\t<section class=\"elementor-section elementor-top-section elementor-element elementor-element-5f81010 elementor-section-boxed elementor-section-height-default elementor-section-height-default\" data-id=\"5f81010\" data-element_type=\"section\">\n\t\t\t\t\t\t<div class=\"elementor-container elementor-column-gap-default\">\n\t\t\t\t\t<div class=\"elementor-column elementor-col-100 elementor-top-column elementor-element elementor-element-5da75d3\" data-id=\"5da75d3\" data-element_type=\"column\">\n\t\t\t<div class=\"elementor-widget-wrap elementor-element-populated\">\n\t\t\t\t\t\t<div class=\"elementor-element elementor-element-c5ddc5d elementor-widget elementor-widget-text-editor\" data-id=\"c5ddc5d\" data-element_type=\"widget\" data-widget_type=\"text-editor.default\">\n\t\t\t\t<div class=\"elementor-widget-container\">\n\t\t\t\t\t\t\t\t\t<p>Kedvezm\u00e9nyezett neve:\u00a0PAPP-KER-TERV-SZOLG Korl\u00e1tolt Felel\u0151ss\u00e9g\u0171 T\u00e1rsas\u00e1g<\/p><p>K\u00f6lcs\u00f6n \u00f6sszege: 10.000.000 Ft<\/p><p>Projekt \u00f6sszefoglal\u00e1s:\u00a0K\u00e9szletbeszerz\u00e9s, b\u00e9r \u00e9s b\u00e9ren k\u00edv\u00fcli m\u0171k\u00f6d\u00e9si k\u00f6lts\u00e9g<\/p>\t\t\t\t\t\t\t\t<\/div>\n\t\t\t\t<\/div>\n\t\t\t\t\t<\/div>\n\t\t<\/div>\n\t\t\t\t\t<\/div>\n\t\t<\/section>\n\t\t\t\t<section class=\"elementor-section elementor-top-section elementor-element elementor-element-6b98cd6 elementor-section-boxed elementor-section-height-default elementor-section-height-default\" data-id=\"6b98cd6\" data-element_type=\"section\">\n\t\t\t\t\t\t<div class=\"elementor-container elementor-column-gap-default\">\n\t\t\t\t\t<div class=\"elementor-column elementor-col-100 elementor-top-column elementor-element elementor-element-c4b035b\" data-id=\"c4b035b\" data-element_type=\"column\">\n\t\t\t<div class=\"elementor-widget-wrap elementor-element-populated\">\n\t\t\t\t\t\t<div class=\"elementor-element elementor-element-e14f429 elementor-widget elementor-widget-image\" data-id=\"e14f429\" data-element_type=\"widget\" data-widget_type=\"image.default\">\n\t\t\t\t<div class=\"elementor-widget-container\">\n\t\t\t\t\t\t\t\t\t\t\t\t\t\t\t<img decoding=\"async\" width=\"1024\" height=\"738\" src=\"https:\/\/panziocentrum.hu\/wp-content\/uploads\/2022\/11\/papp-ker-tabla-1-e1668511486486-1024x738.png\" class=\"attachment-large size-large wp-image-1395\" alt=\"\" srcset=\"https:\/\/panziocentrum.hu\/wp-content\/uploads\/2022\/11\/papp-ker-tabla-1-e1668511486486-1024x738.png 1024w, https:\/\/panziocentrum.hu\/wp-content\/uploads\/2022\/11\/papp-ker-tabla-1-e1668511486486-300x216.png 300w, https:\/\/panziocentrum.hu\/wp-content\/uploads\/2022\/11\/papp-ker-tabla-1-e1668511486486-768x554.png 768w, https:\/\/panziocentrum.hu\/wp-content\/uploads\/2022\/11\/papp-ker-tabla-1-e1668511486486-1536x1107.png 1536w, https:\/\/panziocentrum.hu\/wp-content\/uploads\/2022\/11\/papp-ker-tabla-1-e1668511486486-2048x1476.png 2048w\" sizes=\"(max-width: 1024px) 100vw, 1024px\" \/>\t\t\t\t\t\t\t\t\t\t\t\t\t\t\t<\/div>\n\t\t\t\t<\/div>\n\t\t\t\t\t<\/div>\n\t\t<\/div>\n\t\t\t\t\t<\/div>\n\t\t<\/section>\n\t\t\t\t<\/div>\n\t\t","protected":false},"excerpt":{"rendered":"<p>Centrum Panzi\u00f3 komfortos\u00edt\u00e1sa, gyerek-\u00e9s csal\u00e1dbar\u00e1t szolg\u00e1ltat\u00e1ssal t\u00f6rt\u00e9n\u0151 fejleszt\u00e9se, tov\u00e1bbi szolg\u00e1ltat\u00e1sb\u0151v\u00edt\u00e9sek \u00e9s energiaracion\u00e1l\u00e1s\u00a0 TFC-1-1-1-2017-2017-00165 a Kedvezm\u00e9nyezett neve PAPP-KER-TERV-SZOLG Kft. \u00a0\u00a0\u00a0\u2022 a szerz\u0151d\u00f6tt t\u00e1mogat\u00e1s \u00f6sszege, 59 035 288 Ft \u2022 a t\u00e1mogat\u00e1s m\u00e9rt\u00e9ke (%-ban), 70% \u2022 a t\u00e1mogatott projekt tartalm\u00e1nak r\u00f6vid bemutat\u00e1sa, A Centrum Panzi\u00f3 k\u00f6zel 20 \u00e9ve m\u0171k\u00f6dik. Az els\u0151 kivitelez\u00e9skor az utcafronti f\u0151\u00e9p\u00fclet, majd szakaszosan [&hellip;]<\/p>\n","protected":false},"author":1,"featured_media":0,"parent":0,"menu_order":0,"comment_status":"closed","ping_status":"closed","template":"","meta":{"site-sidebar-layout":"no-sidebar","site-content-layout":"page-builder","ast-site-content-layout":"default","site-content-style":"default","site-sidebar-style":"default","ast-global-header-display":"","ast-banner-title-visibility":"","ast-main-header-display":"","ast-hfb-above-header-display":"","ast-hfb-below-header-display":"","ast-hfb-mobile-header-display":"","site-post-title":"disabled","ast-breadcrumbs-content":"","ast-featured-img":"disabled","footer-sml-layout":"","theme-transparent-header-meta":"default","adv-header-id-meta":"","stick-header-meta":"","header-above-stick-meta":"","header-main-stick-meta":"","header-below-stick-meta":"","astra-migrate-meta-layouts":"default","ast-page-background-enabled":"default","ast-page-background-meta":{"desktop":{"background-color":"","background-image":"","background-repeat":"repeat","background-position":"center center","background-size":"auto","background-attachment":"scroll","background-type":"","background-media":"","overlay-type":"","overlay-color":"","overlay-opacity":"","overlay-gradient":""},"tablet":{"background-color":"","background-image":"","background-repeat":"repeat","background-position":"center center","background-size":"auto","background-attachment":"scroll","background-type":"","background-media":"","overlay-type":"","overlay-color":"","overlay-opacity":"","overlay-gradient":""},"mobile":{"background-color":"","background-image":"","background-repeat":"repeat","background-position":"center center","background-size":"auto","background-attachment":"scroll","background-type":"","background-media":"","overlay-type":"","overlay-color":"","overlay-opacity":"","overlay-gradient":""}},"ast-content-background-meta":{"desktop":{"background-color":"var(--ast-global-color-5)","background-image":"","background-repeat":"repeat","background-position":"center center","background-size":"auto","background-attachment":"scroll","background-type":"","background-media":"","overlay-type":"","overlay-color":"","overlay-opacity":"","overlay-gradient":""},"tablet":{"background-color":"var(--ast-global-color-5)","background-image":"","background-repeat":"repeat","background-position":"center center","background-size":"auto","background-attachment":"scroll","background-type":"","background-media":"","overlay-type":"","overlay-color":"","overlay-opacity":"","overlay-gradient":""},"mobile":{"background-color":"var(--ast-global-color-5)","background-image":"","background-repeat":"repeat","background-position":"center center","background-size":"auto","background-attachment":"scroll","background-type":"","background-media":"","overlay-type":"","overlay-color":"","overlay-opacity":"","overlay-gradient":""}},"footnotes":""},"class_list":["post-538","page","type-page","status-publish","hentry"],"jetpack_sharing_enabled":true,"_links":{"self":[{"href":"https:\/\/panziocentrum.hu\/index.php?rest_route=\/wp\/v2\/pages\/538","targetHints":{"allow":["GET"]}}],"collection":[{"href":"https:\/\/panziocentrum.hu\/index.php?rest_route=\/wp\/v2\/pages"}],"about":[{"href":"https:\/\/panziocentrum.hu\/index.php?rest_route=\/wp\/v2\/types\/page"}],"author":[{"embeddable":true,"href":"https:\/\/panziocentrum.hu\/index.php?rest_route=\/wp\/v2\/users\/1"}],"replies":[{"embeddable":true,"href":"https:\/\/panziocentrum.hu\/index.php?rest_route=%2Fwp%2Fv2%2Fcomments&post=538"}],"version-history":[{"count":18,"href":"https:\/\/panziocentrum.hu\/index.php?rest_route=\/wp\/v2\/pages\/538\/revisions"}],"predecessor-version":[{"id":1401,"href":"https:\/\/panziocentrum.hu\/index.php?rest_route=\/wp\/v2\/pages\/538\/revisions\/1401"}],"wp:attachment":[{"href":"https:\/\/panziocentrum.hu\/index.php?rest_route=%2Fwp%2Fv2%2Fmedia&parent=538"}],"curies":[{"name":"wp","href":"https:\/\/api.w.org\/{rel}","templated":true}]}}