{"id":583,"date":"2020-10-09T06:43:31","date_gmt":"2020-10-09T06:43:31","guid":{"rendered":"http:\/\/panziocentrum.hu\/?page_id=583"},"modified":"2022-08-17T14:36:40","modified_gmt":"2022-08-17T13:36:40","slug":"1-agyas","status":"publish","type":"page","link":"https:\/\/panziocentrum.hu\/?page_id=583","title":{"rendered":"Standard egy\u00e1gyas szoba"},"content":{"rendered":"\t\t<div data-elementor-type=\"wp-page\" data-elementor-id=\"583\" class=\"elementor elementor-583\">\n\t\t\t\t\t\t<section class=\"elementor-section elementor-top-section elementor-element elementor-element-10a75ce elementor-section-boxed elementor-section-height-default elementor-section-height-default\" data-id=\"10a75ce\" data-element_type=\"section\">\n\t\t\t\t\t\t<div class=\"elementor-container elementor-column-gap-default\">\n\t\t\t\t\t<div class=\"elementor-column elementor-col-100 elementor-top-column elementor-element elementor-element-b19625c\" data-id=\"b19625c\" data-element_type=\"column\">\n\t\t\t<div class=\"elementor-widget-wrap elementor-element-populated\">\n\t\t\t\t\t\t<div class=\"elementor-element elementor-element-efafc66 elementor-widget elementor-widget-heading\" data-id=\"efafc66\" data-element_type=\"widget\" data-widget_type=\"heading.default\">\n\t\t\t\t<div class=\"elementor-widget-container\">\n\t\t\t\t\t<h2 class=\"elementor-heading-title elementor-size-default\">Standard egy\u00e1gyas szoba<\/h2>\t\t\t\t<\/div>\n\t\t\t\t<\/div>\n\t\t\t\t<div class=\"elementor-element elementor-element-dec4957 elementor-arrows-position-inside elementor-pagination-position-outside elementor-widget elementor-widget-image-carousel\" data-id=\"dec4957\" data-element_type=\"widget\" data-settings=\"{&quot;navigation&quot;:&quot;both&quot;,&quot;autoplay&quot;:&quot;yes&quot;,&quot;pause_on_hover&quot;:&quot;yes&quot;,&quot;pause_on_interaction&quot;:&quot;yes&quot;,&quot;autoplay_speed&quot;:5000,&quot;infinite&quot;:&quot;yes&quot;,&quot;speed&quot;:500}\" data-widget_type=\"image-carousel.default\">\n\t\t\t\t<div class=\"elementor-widget-container\">\n\t\t\t\t\t\t\t<div class=\"elementor-image-carousel-wrapper swiper\" role=\"region\" aria-roledescription=\"carousel\" aria-label=\"K\u00e9p k\u00f6rhinta\" dir=\"ltr\">\n\t\t\t<div class=\"elementor-image-carousel swiper-wrapper\" aria-live=\"off\">\n\t\t\t\t\t\t\t\t<div class=\"swiper-slide\" role=\"group\" aria-roledescription=\"slide\" aria-label=\"1 \/ 3\"><figure class=\"swiper-slide-inner\"><img decoding=\"async\" class=\"swiper-slide-image\" src=\"https:\/\/panziocentrum.hu\/wp-content\/uploads\/2022\/08\/20220531_082332-225x300.jpg\" alt=\"20220531_082332\" \/><\/figure><\/div><div class=\"swiper-slide\" role=\"group\" aria-roledescription=\"slide\" aria-label=\"2 \/ 3\"><figure class=\"swiper-slide-inner\"><img decoding=\"async\" class=\"swiper-slide-image\" src=\"https:\/\/panziocentrum.hu\/wp-content\/uploads\/2022\/08\/20220531_082415-225x300.jpg\" alt=\"20220531_082415\" \/><\/figure><\/div><div class=\"swiper-slide\" role=\"group\" aria-roledescription=\"slide\" aria-label=\"3 \/ 3\"><figure class=\"swiper-slide-inner\"><img decoding=\"async\" class=\"swiper-slide-image\" src=\"https:\/\/panziocentrum.hu\/wp-content\/uploads\/2022\/08\/20220531_082456-225x300.jpg\" alt=\"20220531_082456\" \/><\/figure><\/div>\t\t\t<\/div>\n\t\t\t\t\t\t\t\t\t\t\t\t<div class=\"elementor-swiper-button elementor-swiper-button-prev\" role=\"button\" tabindex=\"0\">\n\t\t\t\t\t\t<i aria-hidden=\"true\" class=\"eicon-chevron-left\"><\/i>\t\t\t\t\t<\/div>\n\t\t\t\t\t<div class=\"elementor-swiper-button elementor-swiper-button-next\" role=\"button\" tabindex=\"0\">\n\t\t\t\t\t\t<i aria-hidden=\"true\" class=\"eicon-chevron-right\"><\/i>\t\t\t\t\t<\/div>\n\t\t\t\t\n\t\t\t\t\t\t\t\t\t<div class=\"swiper-pagination\"><\/div>\n\t\t\t\t\t\t\t\t\t<\/div>\n\t\t\t\t\t\t<\/div>\n\t\t\t\t<\/div>\n\t\t\t\t<div class=\"elementor-element elementor-element-f6c7647 elementor-widget elementor-widget-text-editor\" data-id=\"f6c7647\" data-element_type=\"widget\" data-widget_type=\"text-editor.default\">\n\t\t\t\t<div class=\"elementor-widget-container\">\n\t\t\t\t\t\t\t\t\t<p style=\"font-size: 19px;font-style: normal;font-weight: 900;font-family: Georgia, sans-serif;letter-spacing: 1.5px;text-align: center\">Szoba alapter\u00fclete: min. 12 m2.<\/p>\n<p style=\"font-size: 19px;font-style: normal;font-weight: 900;font-family: Georgia, sans-serif;letter-spacing: 1.5px;text-align: center\">H\u00e1l\u00f3t\u00e9r szimpla egy szem\u00e9lyes \u00e1ggyal<\/p>\t\t\t\t\t\t\t\t<\/div>\n\t\t\t\t<\/div>\n\t\t\t\t<div class=\"elementor-element elementor-element-6d8e303 elementor-widget elementor-widget-text-editor\" data-id=\"6d8e303\" data-element_type=\"widget\" data-widget_type=\"text-editor.default\">\n\t\t\t\t<div class=\"elementor-widget-container\">\n\t\t\t\t\t\t\t\t\t<p>Felszerelts\u00e9g:<\/p>\t\t\t\t\t\t\t\t<\/div>\n\t\t\t\t<\/div>\n\t\t\t\t<div class=\"elementor-element elementor-element-fd72834 elementor-widget elementor-widget-text-editor\" data-id=\"fd72834\" data-element_type=\"widget\" data-widget_type=\"text-editor.default\">\n\t\t\t\t<div class=\"elementor-widget-container\">\n\t\t\t\t\t\t\t\t\t<p style=\"font-size: 18px;font-style: normal;font-weight: 900;font-family: 'Times New Roman', sans-serif;text-align: center\"><span style=\"font-size: 18px;font-style: normal;font-weight: 900\">-Saj\u00e1t f\u00fcrd\u0151szoba f\u00fcrd\u0151k\u00e1ddal<\/span><\/p><p style=\"font-size: 18px;font-style: normal;font-weight: 900;font-family: 'Times New Roman', sans-serif;text-align: center\">-Tv, l\u00e9gkondicion\u00e1l\u00f3, ruh\u00e1sszekr\u00e9ny, minib\u00e1r<\/p><p style=\"font-size: 18px;font-style: normal;font-weight: 900;font-family: 'Times New Roman', sans-serif;text-align: center\">-Ingyenes Wifi<\/p>\t\t\t\t\t\t\t\t<\/div>\n\t\t\t\t<\/div>\n\t\t\t\t<div class=\"elementor-element elementor-element-7097ac6 elementor-widget elementor-widget-text-editor\" data-id=\"7097ac6\" data-element_type=\"widget\" data-widget_type=\"text-editor.default\">\n\t\t\t\t<div class=\"elementor-widget-container\">\n\t\t\t\t\t\t\t\t\t<p>Reggeli:<\/p>\t\t\t\t\t\t\t\t<\/div>\n\t\t\t\t<\/div>\n\t\t\t\t<div class=\"elementor-element elementor-element-6d9d391 elementor-widget elementor-widget-text-editor\" data-id=\"6d9d391\" data-element_type=\"widget\" data-widget_type=\"text-editor.default\">\n\t\t\t\t<div class=\"elementor-widget-container\">\n\t\t\t\t\t\t\t\t\t<p style=\"font-size: 18px;font-style: normal;font-weight: 900;font-family: 'Times New Roman', sans-serif;text-align: center\"><span style=\"font-size: 18px;font-style: normal;font-weight: 900\">-2800 Ft\/f\u0151<\/span><\/p>\n<p style=\"font-size: 18px;font-style: normal;font-weight: 900;font-family: 'Times New Roman', sans-serif;text-align: center\">-gyerek kedvezm\u00e9ny (12 \u00e9ves korig): 2000 Ft\/f\u0151&nbsp;<\/p>\n<p style=\"font-size: 18px;font-style: normal;font-weight: 900;font-family: 'Times New Roman', sans-serif;text-align: center\">-3 \u00e9ves kor alatt INGYENES<\/p>\t\t\t\t\t\t\t\t<\/div>\n\t\t\t\t<\/div>\n\t\t\t\t<div class=\"elementor-element elementor-element-283181a elementor-widget elementor-widget-text-editor\" data-id=\"283181a\" data-element_type=\"widget\" data-widget_type=\"text-editor.default\">\n\t\t\t\t<div class=\"elementor-widget-container\">\n\t\t\t\t\t\t\t\t\t<p><span style=\"color: #ab3f3f;font-family: Georgia, sans-serif;font-size: 16px;font-style: normal;font-weight: 900;text-align: center\">A szob\u00e1k a reggeli \u00e9s az IFA \u00e1r\u00e1t(400 Ft\/f\u0151\/\u00e9j) NEM tartalmazz\u00e1k!<\/span><\/p>\t\t\t\t\t\t\t\t<\/div>\n\t\t\t\t<\/div>\n\t\t\t\t<section class=\"elementor-section elementor-inner-section elementor-element elementor-element-d60ccae elementor-section-boxed elementor-section-height-default elementor-section-height-default\" data-id=\"d60ccae\" data-element_type=\"section\">\n\t\t\t\t\t\t<div class=\"elementor-container elementor-column-gap-default\">\n\t\t\t\t\t<div class=\"elementor-column elementor-col-100 elementor-inner-column elementor-element elementor-element-241b925\" data-id=\"241b925\" data-element_type=\"column\">\n\t\t\t<div class=\"elementor-widget-wrap\">\n\t\t\t\t\t\t\t<\/div>\n\t\t<\/div>\n\t\t\t\t\t<\/div>\n\t\t<\/section>\n\t\t\t\t<div class=\"elementor-element elementor-element-a2b991a elementor-widget elementor-widget-html\" data-id=\"a2b991a\" data-element_type=\"widget\" data-widget_type=\"html.default\">\n\t\t\t\t<div class=\"elementor-widget-container\">\n\t\t\t\t\t<div class=\"powr-comments\" id=\"1582bc03_1602492605\"><\/div>\t\t\t\t<\/div>\n\t\t\t\t<\/div>\n\t\t\t\t\t<\/div>\n\t\t<\/div>\n\t\t\t\t\t<\/div>\n\t\t<\/section>\n\t\t\t\t<\/div>\n\t\t","protected":false},"excerpt":{"rendered":"<p>Standard egy\u00e1gyas szoba El\u0151z\u0151 K\u00f6vetkez\u0151 Szoba alapter\u00fclete: min. 12 m2. H\u00e1l\u00f3t\u00e9r szimpla egy szem\u00e9lyes \u00e1ggyal Felszerelts\u00e9g: -Saj\u00e1t f\u00fcrd\u0151szoba f\u00fcrd\u0151k\u00e1ddal -Tv, l\u00e9gkondicion\u00e1l\u00f3, ruh\u00e1sszekr\u00e9ny, minib\u00e1r -Ingyenes Wifi Reggeli: -2800 Ft\/f\u0151 -gyerek kedvezm\u00e9ny (12 \u00e9ves korig): 2000 Ft\/f\u0151&nbsp; -3 \u00e9ves kor alatt INGYENES A szob\u00e1k a reggeli \u00e9s az IFA \u00e1r\u00e1t(400 Ft\/f\u0151\/\u00e9j) NEM tartalmazz\u00e1k!<\/p>\n","protected":false},"author":1,"featured_media":0,"parent":0,"menu_order":0,"comment_status":"closed","ping_status":"closed","template":"","meta":{"site-sidebar-layout":"no-sidebar","site-content-layout":"page-builder","ast-site-content-layout":"default","site-content-style":"default","site-sidebar-style":"default","ast-global-header-display":"","ast-banner-title-visibility":"","ast-main-header-display":"","ast-hfb-above-header-display":"","ast-hfb-below-header-display":"","ast-hfb-mobile-header-display":"","site-post-title":"disabled","ast-breadcrumbs-content":"","ast-featured-img":"disabled","footer-sml-layout":"","theme-transparent-header-meta":"default","adv-header-id-meta":"","stick-header-meta":"","header-above-stick-meta":"","header-main-stick-meta":"","header-below-stick-meta":"","astra-migrate-meta-layouts":"default","ast-page-background-enabled":"default","ast-page-background-meta":{"desktop":{"background-color":"","background-image":"","background-repeat":"repeat","background-position":"center center","background-size":"auto","background-attachment":"scroll","background-type":"","background-media":"","overlay-type":"","overlay-color":"","overlay-opacity":"","overlay-gradient":""},"tablet":{"background-color":"","background-image":"","background-repeat":"repeat","background-position":"center center","background-size":"auto","background-attachment":"scroll","background-type":"","background-media":"","overlay-type":"","overlay-color":"","overlay-opacity":"","overlay-gradient":""},"mobile":{"background-color":"","background-image":"","background-repeat":"repeat","background-position":"center center","background-size":"auto","background-attachment":"scroll","background-type":"","background-media":"","overlay-type":"","overlay-color":"","overlay-opacity":"","overlay-gradient":""}},"ast-content-background-meta":{"desktop":{"background-color":"var(--ast-global-color-5)","background-image":"","background-repeat":"repeat","background-position":"center center","background-size":"auto","background-attachment":"scroll","background-type":"","background-media":"","overlay-type":"","overlay-color":"","overlay-opacity":"","overlay-gradient":""},"tablet":{"background-color":"var(--ast-global-color-5)","background-image":"","background-repeat":"repeat","background-position":"center center","background-size":"auto","background-attachment":"scroll","background-type":"","background-media":"","overlay-type":"","overlay-color":"","overlay-opacity":"","overlay-gradient":""},"mobile":{"background-color":"var(--ast-global-color-5)","background-image":"","background-repeat":"repeat","background-position":"center center","background-size":"auto","background-attachment":"scroll","background-type":"","background-media":"","overlay-type":"","overlay-color":"","overlay-opacity":"","overlay-gradient":""}},"footnotes":""},"class_list":["post-583","page","type-page","status-publish","hentry"],"jetpack_sharing_enabled":true,"_links":{"self":[{"href":"https:\/\/panziocentrum.hu\/index.php?rest_route=\/wp\/v2\/pages\/583","targetHints":{"allow":["GET"]}}],"collection":[{"href":"https:\/\/panziocentrum.hu\/index.php?rest_route=\/wp\/v2\/pages"}],"about":[{"href":"https:\/\/panziocentrum.hu\/index.php?rest_route=\/wp\/v2\/types\/page"}],"author":[{"embeddable":true,"href":"https:\/\/panziocentrum.hu\/index.php?rest_route=\/wp\/v2\/users\/1"}],"replies":[{"embeddable":true,"href":"https:\/\/panziocentrum.hu\/index.php?rest_route=%2Fwp%2Fv2%2Fcomments&post=583"}],"version-history":[{"count":26,"href":"https:\/\/panziocentrum.hu\/index.php?rest_route=\/wp\/v2\/pages\/583\/revisions"}],"predecessor-version":[{"id":1352,"href":"https:\/\/panziocentrum.hu\/index.php?rest_route=\/wp\/v2\/pages\/583\/revisions\/1352"}],"wp:attachment":[{"href":"https:\/\/panziocentrum.hu\/index.php?rest_route=%2Fwp%2Fv2%2Fmedia&parent=583"}],"curies":[{"name":"wp","href":"https:\/\/api.w.org\/{rel}","templated":true}]}}