{"id":611,"date":"2020-10-09T09:27:27","date_gmt":"2020-10-09T09:27:27","guid":{"rendered":"http:\/\/panziocentrum.hu\/?page_id=611"},"modified":"2022-07-18T12:22:06","modified_gmt":"2022-07-18T11:22:06","slug":"foglalas","status":"publish","type":"page","link":"https:\/\/panziocentrum.hu\/?page_id=611","title":{"rendered":"Foglal\u00e1s"},"content":{"rendered":"\t\t<div data-elementor-type=\"wp-page\" data-elementor-id=\"611\" class=\"elementor elementor-611\">\n\t\t\t\t\t\t<section class=\"elementor-section elementor-top-section elementor-element elementor-element-0e7d332 elementor-section-boxed elementor-section-height-default elementor-section-height-default\" data-id=\"0e7d332\" data-element_type=\"section\">\n\t\t\t\t\t\t<div class=\"elementor-container elementor-column-gap-default\">\n\t\t\t\t\t<div class=\"elementor-column elementor-col-100 elementor-top-column elementor-element elementor-element-a72f2c4\" data-id=\"a72f2c4\" data-element_type=\"column\">\n\t\t\t<div class=\"elementor-widget-wrap elementor-element-populated\">\n\t\t\t\t\t\t<div class=\"elementor-element elementor-element-8287525 elementor-widget elementor-widget-wp-widget-awebooking_check_availability\" data-id=\"8287525\" data-element_type=\"widget\" data-widget_type=\"wp-widget-awebooking_check_availability.default\">\n\t\t\t\t<div class=\"elementor-widget-container\">\n\t\t\t\t\t<div class=\"awebooking-block awebooking-block--check_form\"><form id=\"awebooking_searchbox_1\" action=\"https:\/\/panziocentrum.hu\/?page_id=587\" method=\"GET\" role=\"search\" novalidate>\n\t<input name=\"p\" type=\"hidden\" value=\"587\">\n\t<div class=\"searchbox searchbox--vertical\">\n\t\t<div class=\"searchbox__wrap\">\n\t\t\t<div class=\"searchbox__box searchbox__box--checkin\">\n\t<div class=\"searchbox__box-wrap\">\n\t\t<div class=\"searchbox__box-line\">\n\t\t\t<label class=\"searchbox__box-label\"><span>\u00c9rkez\u00e9s<\/span><\/label>\n\n\t\t\t<div class=\"searchbox__box-input\">\n\t\t\t\t<input type=\"text\" readonly data-bind=\"value: checkInFormatted()\" class=\"searchbox__input searchbox__input--checkin input-transparent\" placeholder=\"2026-04-15\" autocomplete=\"off\" aria-haspopup=\"true\">\n\t\t\t\t<input type=\"hidden\" data-bind=\"value: checkInDate\" name=\"check_in\" value=\"2026-04-15\">\n\t\t\t<\/div>\n\t\t<\/div>\n\t<\/div>\n<\/div>\n\n<div class=\"searchbox__box searchbox__box--checkout\">\n\t<div class=\"searchbox__box-wrap\">\n\t\t<div class=\"searchbox__box-line\">\n\t\t\t<label class=\"searchbox__box-label\"><span>T\u00e1voz\u00e1s<\/span><\/label>\n\n\t\t\t<div class=\"searchbox__box-input\">\n\t\t\t\t<input type=\"text\" readonly data-bind=\"value: checkOutFormatted()\" class=\"searchbox__input searchbox__input--checkout input-transparent\" placeholder=\"2026-04-16\" autocomplete=\"off\" aria-haspopup=\"true\">\n\t\t\t\t<input type=\"hidden\" data-bind=\"value: checkOutDate\" name=\"check_out\" value=\"2026-04-16\">\n\t\t\t<\/div>\n\t\t<\/div>\n\t<\/div>\n<\/div>\n<div class=\"searchbox__box searchbox__box--occupancy\">\n\t<div class=\"searchbox__box-wrap\">\n\t\t<div class=\"searchbox__box-line\">\n\t\t\t<label class=\"searchbox__box-label\">\n\t\t\t\t<span>Vend\u00e9g<\/span>\n\t\t\t<\/label>\n\n\t\t\t<div class=\"searchbox__box-input searchbox-occupancy-info\">\n\t\t\t\t<span class=\"searchbox-occupancy-info__item\">\n\t\t\t\t\t<span class=\"searchbox-occupancy-info__number\" data-bind=\"text: adults\">1<\/span>\n\t\t\t\t\tFeln\u0151tt(ek)\t\t\t\t<\/span>\n\n\t\t\t\t\t\t\t\t\t<span class=\"searchbox-occupancy-info__item\">\n\t\t\t\t\t\t<span class=\"searchbox-occupancy-info__number\" data-bind=\"text: children\">0<\/span>\n\t\t\t\t\t\tGyermek(ek)\t\t\t\t\t<\/span>\n\t\t\t\t\n\t\t\t\t\t\t\t<\/div>\n\t\t<\/div>\n\t<\/div>\n\n\t<div class=\"searchbox__popup\">\n\t\t<div class=\"searchbox__popup-item searchbox__popup-item--adults\">\n\t\t\t<label>\n\t\t\t\t<span>Feln\u0151ttek<\/span>\n\t\t\t\t<input type=\"number\" name=\"adults\" data-bind=\"value: adults\" min=\"1\" max=\"6\" value=\"1\" class=\"searchbox__input form-input-transparent\" \/>\n\t\t\t<\/label>\n\t\t<\/div>\n\n\t\t\t\t\t<div class=\"searchbox__popup-item searchbox__popup-item--children\">\n\t\t\t\t<label>\n\t\t\t\t\t<span>Gyermek<\/span>\n\t\t\t\t\t<input type=\"number\" name=\"children\" data-bind=\"value: children\" min=\"0\" max=\"6\" value=\"0\" class=\"searchbox__input form-input-transparent\" \/>\n\t\t\t\t<\/label>\n\t\t\t<\/div>\n\t\t\n\t\t\t<\/div>\n<\/div>\n<div class=\"searchbox__box searchbox__box--button\">\n\t<div class=\"searchbox__box-wrap\">\n\t\t<button type=\"submit\" class=\"button button--primary searchbox__submit\">El\u00e9rhet\u0151s\u00e9g ellen\u0151rz\u00e9se<\/button>\n\t<\/div>\n<\/div>\n\t\t<\/div><!-- \/.searchbox__wrapper-->\n\n\t\t\t<\/div><!-- \/.searchbox-->\n<\/form><\/div>\t\t\t\t<\/div>\n\t\t\t\t<\/div>\n\t\t\t\t\t<\/div>\n\t\t<\/div>\n\t\t\t\t\t<\/div>\n\t\t<\/section>\n\t\t\t\t<\/div>\n\t\t","protected":false},"excerpt":{"rendered":"","protected":false},"author":1,"featured_media":0,"parent":0,"menu_order":0,"comment_status":"closed","ping_status":"closed","template":"","meta":{"site-sidebar-layout":"no-sidebar","site-content-layout":"page-builder","ast-site-content-layout":"default","site-content-style":"default","site-sidebar-style":"default","ast-global-header-display":"","ast-banner-title-visibility":"","ast-main-header-display":"","ast-hfb-above-header-display":"","ast-hfb-below-header-display":"","ast-hfb-mobile-header-display":"","site-post-title":"disabled","ast-breadcrumbs-content":"","ast-featured-img":"disabled","footer-sml-layout":"","theme-transparent-header-meta":"default","adv-header-id-meta":"","stick-header-meta":"","header-above-stick-meta":"","header-main-stick-meta":"","header-below-stick-meta":"","astra-migrate-meta-layouts":"default","ast-page-background-enabled":"default","ast-page-background-meta":{"desktop":{"background-color":"","background-image":"","background-repeat":"repeat","background-position":"center center","background-size":"auto","background-attachment":"scroll","background-type":"","background-media":"","overlay-type":"","overlay-color":"","overlay-opacity":"","overlay-gradient":""},"tablet":{"background-color":"","background-image":"","background-repeat":"repeat","background-position":"center center","background-size":"auto","background-attachment":"scroll","background-type":"","background-media":"","overlay-type":"","overlay-color":"","overlay-opacity":"","overlay-gradient":""},"mobile":{"background-color":"","background-image":"","background-repeat":"repeat","background-position":"center center","background-size":"auto","background-attachment":"scroll","background-type":"","background-media":"","overlay-type":"","overlay-color":"","overlay-opacity":"","overlay-gradient":""}},"ast-content-background-meta":{"desktop":{"background-color":"var(--ast-global-color-5)","background-image":"","background-repeat":"repeat","background-position":"center center","background-size":"auto","background-attachment":"scroll","background-type":"","background-media":"","overlay-type":"","overlay-color":"","overlay-opacity":"","overlay-gradient":""},"tablet":{"background-color":"var(--ast-global-color-5)","background-image":"","background-repeat":"repeat","background-position":"center center","background-size":"auto","background-attachment":"scroll","background-type":"","background-media":"","overlay-type":"","overlay-color":"","overlay-opacity":"","overlay-gradient":""},"mobile":{"background-color":"var(--ast-global-color-5)","background-image":"","background-repeat":"repeat","background-position":"center center","background-size":"auto","background-attachment":"scroll","background-type":"","background-media":"","overlay-type":"","overlay-color":"","overlay-opacity":"","overlay-gradient":""}},"footnotes":""},"class_list":["post-611","page","type-page","status-publish","hentry"],"jetpack_sharing_enabled":true,"_links":{"self":[{"href":"https:\/\/panziocentrum.hu\/index.php?rest_route=\/wp\/v2\/pages\/611","targetHints":{"allow":["GET"]}}],"collection":[{"href":"https:\/\/panziocentrum.hu\/index.php?rest_route=\/wp\/v2\/pages"}],"about":[{"href":"https:\/\/panziocentrum.hu\/index.php?rest_route=\/wp\/v2\/types\/page"}],"author":[{"embeddable":true,"href":"https:\/\/panziocentrum.hu\/index.php?rest_route=\/wp\/v2\/users\/1"}],"replies":[{"embeddable":true,"href":"https:\/\/panziocentrum.hu\/index.php?rest_route=%2Fwp%2Fv2%2Fcomments&post=611"}],"version-history":[{"count":6,"href":"https:\/\/panziocentrum.hu\/index.php?rest_route=\/wp\/v2\/pages\/611\/revisions"}],"predecessor-version":[{"id":1520,"href":"https:\/\/panziocentrum.hu\/index.php?rest_route=\/wp\/v2\/pages\/611\/revisions\/1520"}],"wp:attachment":[{"href":"https:\/\/panziocentrum.hu\/index.php?rest_route=%2Fwp%2Fv2%2Fmedia&parent=611"}],"curies":[{"name":"wp","href":"https:\/\/api.w.org\/{rel}","templated":true}]}}